mmon divisor of 43 and 1399.
1
Calculate the greatest common divisor of 14 and 15911.
7
Calculate the greatest common divisor of 325 and 22175.
25
What is the highest common divisor of 882 and 66546?
18
Calculate the greatest common divisor of 288 and 2286.
18
What is the highest common divisor of 14100 and 675?
75
What is the highest common divisor of 738 and 488146?
82
What is the greatest common factor of 180 and 207990?
90
Calculate the greatest common factor of 905 and 34390.
905
Calculate the greatest common factor of 5222 and 1386.
14
What is the greatest common factor of 1295 and 465?
5
What is the highest common divisor of 832 and 483136?
64
What is the greatest common divisor of 63 and 1547?
7
Calculate the highest common divisor of 117 and 27651.
39
Calculate the highest common factor of 381 and 539369.
127
What is the highest common factor of 634086 and 12?
6
Calculate the greatest common divisor of 7997 and 55.
11
Calculate the greatest common factor of 10 and 205285.
5
Calculate the greatest common divisor of 4255 and 3515.
185
Calculate the highest common factor of 16068 and 1053.
39
Calculate the greatest common factor of 2013 and 20679.
183
Calculate the greatest common factor of 4012 and 98648.
236
Calculate the greatest common factor of 7686 and 11298.
42
What is the greatest common divisor of 16584 and 288?
24
Calculate the highest common divisor of 2224140 and 76.
76
Calculate the highest common factor of 399 and 902223.
21
What is the greatest common factor of 105 and 871290?
105
What is the greatest common factor of 135 and 13515?
15
What is the greatest common factor of 210 and 30220?
10
Calculate the highest common divisor of 146 and 6533938.
146
Calculate the highest common factor of 1056 and 5016.
264
What is the highest common divisor of 145 and 75951?
29
What is the greatest common factor of 35760 and 240?
240
What is the greatest common divisor of 1604 and 222154?
802
Calculate the highest common factor of 224 and 2646.
14
Calculate the highest common factor of 51510 and 60.
30
What is the highest common factor of 19 and 408253?
19
Calculate the highest common factor of 19601 and 136.
17
Calculate the greatest common factor of 184 and 85123.
23
What is the greatest common factor of 2 and 994394?
2
What is the highest common divisor of 720 and 70155?
45
Calculate the greatest common factor of 4367187 and 279.
279
What is the highest common factor of 1000 and 35760?
40
Calculate the greatest common divisor of 2220768 and 108.
36
Calculate the greatest common divisor of 15 and 157950.
15
Calculate the greatest common divisor of 117 and 5553639.
117
Calculate the highest common factor of 70 and 109800.
10
What is the highest common factor of 85 and 6137?
17
Calculate the greatest common divisor of 47619 and 136422.
1287
What is the greatest common factor of 480 and 137280?
480
Calculate the greatest common divisor of 5504 and 112192.
64
Calculate the highest common factor of 1892 and 7744.
44
Calculate the highest common divisor of 1143 and 1314.
9
Calculate the highest common factor of 32437 and 8955.
199
Calculate the greatest common divisor of 1770359 and 106.
53
Calculate the greatest common divisor of 308557 and 194.
97
What is the greatest common divisor of 28 and 12660?
4
Calculate the greatest common factor of 28366 and 130.
26
Calculate the greatest common factor of 3159 and 1079.
13
Calculate the greatest common divisor of 207672 and 3264.
408
What is the greatest common divisor of 95567 and 1263?
421
Calculate the highest common divisor of 2260307 and 7.
7
What is the highest common divisor of 2704 and 47088?
16
What is the greatest common factor of 84408 and 2?
2
What is the highest common factor of 256 and 163712?
128
What is the greatest common divisor of 26418 and 1071?
357
Calculate the greatest common divisor of 2345 and 700.
35
What is the greatest common factor of 25802279 and 43?
43
Calculate the greatest common factor of 4225 and 57775.
25
Calculate the highest common factor of 8600 and 4075.
25
Calculate the greatest common divisor of 156454 and 19591.
137
What is the greatest common factor of 1359743 and 154?
77
Calculate the highest common divisor of 28 and 87416.
28
Calculate the greatest common factor of 3276 and 172620.
252
Calculate the greatest common divisor of 2882 and 6886.
22
What is the greatest common divisor of 61326 and 54?
18
What is the highest common factor of 61288 and 489?
163
What is the highest common factor of 1915064 and 24?
8
What is the highest common factor of 58 and 18792?
58
Calculate the greatest common factor of 1460 and 6497.
73
Calculate the highest common factor of 376380 and 3.
3
Calculate the highest common divisor of 36 and 9423.
9
What is the highest common factor of 187008 and 3840?
384
Calculate the highest common divisor of 21 and 606207.
21
What is the greatest common factor of 1297647 and 351?
351
What is the greatest common factor of 10528 and 55930?
658
Calculate the highest common factor of 1519 and 182063.
217
What is the highest common divisor of 147901 and 39?
13
Calculate the greatest common divisor of 9666 and 228941.
179
What is the highest common divisor of 5 and 1283025?
5
Calculate the greatest common factor of 85952 and 8216.
632
What is the greatest common factor of 207 and 725857?
23
What is the highest common divisor of 128772 and 4248?
36
What is the highest common factor of 4118 and 261?
29
Calculate the highest common factor of 1062 and 2539242.
1062
Calculate the highest common divisor of 355095 and 1755.
585
What is the highest common factor of 183 and 272121?
183
What is the greatest common divisor of 1150 and 650?
50
What is the greatest common factor of 11916 and 864?
36
Calculate the greatest common factor of 1066580 and 340.
340
Calculate the greatest common factor of 3496 and 18088.
152
What is the highest common factor of 3 and 69191?
1
Calculate the greatest common factor of 272896 and 64.
64
Calculate the greatest common divisor of 44446 and 79502.
626
Calculate the greatest common factor of 168473 and 38.
19
Calculate the greatest common divisor of 1024305 and 460.
115
Calculate the greatest common factor of 18 and 2798001.
9
Calculate the highest common factor of 31755 and 2920.
365
Calculate the greatest common divisor of 15 and 96705.
15
What is the greatest common divisor of 5478 and 110?
22
What is the highest common factor of 225624 and 2499?
357
Calculate the highest common factor of 354607 and 33.
11
Calculate the highest common factor of 120 and 9200.
40
What is the greatest common divisor of 513 and 297?
27
What is the highest common factor of 4 and 23528?
4
Calculate the highest common factor of 11 and 1049323.
11
What is the greatest common factor of 1156 and 77163?
289
Calculate the highest common factor of 2583 and 5289.
123
Calculate the greatest common divisor of 99 and 81306.
9
Calculate the highest common factor of 126 and 2867949.
63
Calculate the highest common divisor of 551772 and 520.
52
What is the highest common divisor of 145883 and 113?
113
Calculate the highest common divisor of 33255 and 495.
45
What is the greatest common divisor of 1815 and 86394?
363
What is the highest common divisor of 188 and 469718?
94
Calculate the greatest common divisor of 206 and 129162.
206
What is the greatest common divisor of 403277 and 477?
53
What is the highest common factor of 11034 and 450?
18
What is the highest common factor of 4584969 and 36?
9
What is the highest common factor of 20131 and 180197?
491
Calculate the greatest common factor of 2121 and 30639.
21
Calculate the greatest common divisor of 43813 and 77.
77
Calculate the greatest common divisor of 975 and 1781.
13
Calculate the greatest common divisor of 101916 and 18126.
342
What is the greatest common divisor of 20097 and 3663?
99
Calculate the greatest common factor of 938201 and 2.
1
Calculate the greatest common factor of 1893 and 9.
3
Calculate the greatest common factor of 1092 and 9036.
12
Calculate the greatest common divisor of 536 and 73901.
67
What is the highest common divisor of 1295 and 808339?
259
Calculate the highest common factor of 271416 and 344.
344
Calculate the greatest common factor of 141213 and 65808.
1371
What is 